6999. Calculate r(6).
-9
Let r(v) = -90*v**2 - 422*v - 93. Determine r(-7).
-1549
Let c(n) = 2*n**3 - 47*n**2 - 167*n + 3108. Calculate c(23).
-1262
Let w(d) = -4074*d**2 - 24423*d + 152. Give w(-6).
26
Let p(v) = 931*v + 33811. Calculate p(-36).
295
Let z(c) = -c**3 - 14*c**2 - 1729*c - 5086. What is z(-3)?
2
Let g(n) = -n**3 - 44*n**2 - 3190*n - 140712. Determine g(-44).
-352
Let j(g) = g**2 + 3712*g - 218651. Give j(58).
9
Let x(y) = 2*y**2 - 977*y + 115311. Give x(289).
0
Let a(n) = 7*n**3 + 30*n**2 + 64*n + 334. What is a(-5)?
-111
Let o(t) = -26339*t + 11167722. Calculate o(424).
-14
Let v(s) = 114559*s - 21880778. Give v(191).
-9
Let x(h) = -32*h**2 + 941*h - 2536. Give x(3).
-1
Let t(u) = -5*u**2 + 1510*u - 691. What is t(299)?
3794
Let g(p) = 191514*p + 20300498. Calculate g(-106).
14
Let l(w) = w**3 - 22*w**2 - 2247*w + 49443. Determine l(22).
9
Let f(h) = 3*h**3 + 42*h**2 - 82*h - 1443. Determine f(-14).
-295
Let g(t) = -18552*t + 31835229. Give g(1716).
-3
Let w(j) = -2*j**3 - 13*j**2 - 1386*j - 12484. Give w(-9).
395
Let d(s) = 3*s**3 + 1259*s**2 - 345*s + 31481. Give d(-420).
-19
Let p(g) = 209*g**3 - 465*g**2 + 109*g - 18. Determine p(2).
12
Let x(p) = p**2 - 404*p - 5047. Give x(-13).
374
Let p(y) = 7*y**3 + 157*y**2 + 271*y + 64. Calculate p(-20).
1444
Let g(u) = 4*u**2 - 71*u + 868. Determine g(11).
571
Let m(k) = k**3 - 20*k**2 - 37*k + 466. Calculate m(16).
-1150
Let j(g) = 972*g - 4520. Calculate j(5).
340
Let y(n) = 24553*n - 343748. Calculate y(14).
-6
Let a(h) = 264*h - 35977. What is a(136)?
-73
Let z(q) = q**3 + 44*q**2 + 141*q + 275. Determine z(-40).
1035
Let t(w) = 2*w**3 - 7*w**2 - 37*w - 201. Determine t(-7).
-971
Let h(y) = y**3 + 276*y**2 + 2208*y + 17168. Give h(-268).
16
Let x(p) = 3*p**3 + 20*p**2 + 4*p - 132. Give x(-5).
-27
Let l(k) = -2354*k - 28558. Determine l(-12).
-310
Let n(p) = -p**2 + 746*p + 4540. Determine n(-6).
28
Let h(q) = -q**3 - 596*q**2 - 60236*q + 902. What is h(-129)?
-1
Let p(y) = -238*y - 10721. Give p(-45).
-11
Let r(d) = -311*d**2 - 37937*d + 138. What is r(-122)?
-472
Let t(s) = -26*s**2 - 155*s + 214. What is t(-7)?
25
Let t(g) = 13256*g + 530243. Give t(-40).
3
Let x(q) = 4*q**2 - 32*q - 2866. Give x(30).
-226
Let i(r) = 10*r**3 + 64*r**2 + 23*r + 66. What is i(-6)?
72
Let w(f) = -552*f + 55217. Give w(100).
17
Let o(f) = -13*f**2 + 2875*f - 5691. Calculate o(2).
7
Let j(c) = -c**3 + 21*c**2 - 54*c - 265. Give j(17).
-27
Let d(z) = 36*z**2 - 1798*z - 25. Determine d(49).
-1691
Let s(l) = -365*l - 4828. What is s(-9)?
-1543
Let c(s) = 4*s**3 + 170*s**2 - 993*s - 6908. Give c(-47).
1
Let n(k) = -16987*k + 4229748. What is n(249)?
-15
Let c(a) = 21180*a + 21184. Give c(-1).
4
Let d(u) = u**2 + 77338*u - 386719. Determine d(5).
-4
Let u(p) = 172421*p - 1551884. Determine u(9).
-95
Let h(n) = -160*n - 3287. Give h(-37).
2633
Let k(h) = -10*h**2 - 316*h - 2142. What is k(-9)?
-108
Let x(q) = -5696*q - 1030961. What is x(-181)?
15
Let w(v) = -v**3 + 36*v**2 - 166*v - 320. Calculate w(7).
-61
Let p(n) = 839*n + 19756. Calculate p(-23).
459
Let l(m) = m**2 - 694*m - 696832. What is l(-557)?
-25
Let g(l) = -90*l**2 - 16648*l + 349. Give g(-185).
-21
Let u(n) = 12*n**2 + 139*n - 787. Determine u(6).
479
Let q(f) = 4069*f + 252044. Calculate q(-62).
-234
Let f(d) = -840*d - 11300. Calculate f(-16).
2140
Let z(y) = -7*y**3 - 125*y**2 + 51*y + 509. Give z(-18).
-85
Let p(k) = -4*k**2 - 79*k - 277. What is p(-6)?
53
Let y(r) = 197*r**2 + 3999*r + 707. Calculate y(-20).
-473
Let f(l) = -2786*l - 10411. What is f(-5)?
3519
Let q(y) = 38*y**3 + 872*y**2 - 36*y + 53. Calculate q(-23).
-177
Let b(p) = -4*p**2 + 869*p - 9866. Calculate b(12).
-14
Let m(u) = 3*u**3 + 2*u**2 + 66*u - 333. Give m(4).
155
Let f(k) = 68*k**2 - 30393*k - 1351. What is f(447)?
-10
Let o(l) = 81*l**2 - 129*l - 52. Give o(2).
14
Let m(u) = u**3 + 61*u**2 + 689*u + 22. Determine m(-15).
37
Let g(x) = -42*x**2 - 1489*x - 5917. What is g(-4)?
-633
Let l(g) = g**3 - 13*g**2 - 911*g + 8532. Calculate l(9).
9
Let a(s) = -12*s**2 + 46*s + 271. Give a(-4).
-105
Let v(x) = -594*x - 1013. Calculate v(-2).
175
Let c(y) = 7*y**3 + 20*y**2 + 482*y + 900. What is c(-2)?
-40
Let p(u) = -u**3 + 169*u**2 + 2345*u + 3794. Calculate p(182).
-28
Let n(b) = -b**2 - 24*b + 90. Calculate n(-41).
-607
Let t(k) = 148*k**3 - 2*k**2 - 114*k + 118. Calculate t(1).
150
Let r(m) = 2*m**2 - 92*m + 212. What is r(-10)?
1332
Let f(l) = l**2 - 331*l - 26545. Calculate f(-65).
-805
Let f(r) = 152*r**2 - 5655*r + 281. Determine f(37).
-866
Let p(i) = 15*i**2 + 1130*i + 402. Calculate p(-75).
27
Let b(g) = -3783*g + 26453. What is b(7)?
-28
Let y(o) = 30500*o - 10736019. Determine y(352).
-19
Let f(l) = -58418*l + 2044643. Determine f(35).
13
Let p(h) = 7*h**2 - 1998*h + 12163. What is p(6)?
427
Let g(z) = -583*z - 10383. What is g(-17)?
-472
Let l(b) = -3701*b + 22014. What is l(6)?
-192
Let y(x) = -x**3 + 3*x**2 + 663*x - 397. Determine y(27).
8
Let n(v) = 6989*v - 1691313. Give n(242).
25
Let y(i) = -i**3 + 90*i**2 + 5*i - 427. Give y(90).
23
Let v(z) = -15*z**2 + 252*z + 122. Determine v(17).
71
Let u(s) = -107*s + 171. What is u(2)?
-43
Let h(g) = -2*g**3 + 20*g**2 + 137*g + 102. What is h(-6)?
432
Let v(a) = -302*a - 74891. Determine v(-248).
5
Let a(q) = -163706*q - 1637053. Give a(-10).
7
Let s(j) = -5*j**3 - 139*j**2 - 10*j + 5909. Give s(-26).
85
Let i(v) = -5*v**3 + 4633*v**2 + 218613*v + 135. Give i(-45).
0
Let k(v) = -6*v**3 + 238*v**2 - 19*v - 24. Determine k(39).
5319
Let w(z) = 2181*z - 218091. Determine w(100).
9
Let y(x) = 18*x**3 + 597*x**2 + 137*x + 1269. What is y(-33)?
15
Let v(x) = x**2 + 2699*x + 830077. What is v(-354)?
-53
Let t(j) = -j**3 - 246*j**2 + 2*j + 423. Give t(0).
423
Let i(m) = -29*m**2 - 9403*m - 11634. Determine i(-323).
-6
Let c(o) = -7749*o - 472753. What is c(-61)?
-64
Let n(s) = -s**3 + 86*s**2 - 498*s - 4. Give n(6).
-112
Let o(a) = -9*a + 1492. Give o(176).
-92
Let g(c) = -130*c + 2494. Calculate g(14).
674
Let q(i) = 5717*i + 28550. Calculate q(-5).
-35
Let c(b) = 575*b**2 + 14*b - 29. What is c(1)?
560
Let o(g) = 21*g**3 + 65*g**2 - 386*g - 1184. Determine o(-3).
-8
Let f(m) = m**2 + 5*m - 12714. What is f(-116)?
162
Let b(p) = p**2 + 32999*p + 131988. What is b(-4)?
8
Let k(j) = -2*j**3 - 124*j**2 + 4*j + 688. What is k(-62)?
440
Let c(u) = 10867*u - 173882. Calculate c(16).
-10
Let y(u) = -10*u**2 + 2693*u + 8161. Calculate y(-3).
-8
Let n(x) = -81*x**2 - 21018*x - 72197. Determine n(-256).
-5
Let s(d) = 263*d + 8572. Calculate s(-38).
-1422
Let b(a) = -2354*a - 953371. Determine b(-405).
-1
Let d(k) = -3*k**3 + 29*k**2 + 418*k - 18. Give d(-8).
30
Let x(i) = -3*i**3 + 3*i**2 + 150065*i - 300128. Calculate x(2).
-10
Let z(n) = 9256*n - 37237. What is z(4)?
-213
Let d(p) = -2*p**2 + 362*p + 11079. Calculate d(-26).
315
Let x(k) = 3*k**2 - 704*k + 2080. What is x(3)?
-5
Let j(z) = -153*z**2 - 334*z - 4. Calculate j(-2).
52
Let o(h) = 54*h + 56. Determine o(2).
164
Let w(g) = -3498*g - 46019. Calculate w(-13).
-545
Let b(n) = 306*n**2 + 667*n + 112. Calculate b(-2).
2
Let i(f) = 2082*f**3 + 18*f**2 + 12*f. Calculate i(-1).
-2076
Let y(u) = 21*u - 784. Give y(60).
476
Let r(b) = 2*b**3 + 64*b**2 + 258*b + 69. Give r(-24).
3093
Let t(r) = -16*r**2 + 2028*r + 103. Determine t(127).
-405
Let k(s) = s**3 - 201*s**2 + 5246*s + 4083. Give k(170).
3
Let b(n) = 6*n**3 - 873*n**2 + 124*n - 82052. Calculate b(146).
0
Let r(v) = 7285*v - 36343. What is r(5)?
82
Let v(s) = -6294*s + 5072954. What is v(806)?
-10
Let g(s) = -s**2 + 102*s - 606. Calculate g(21).
1095
Let g(c) = 19528*c - 312451. What is g(16)?
-3
Let a(j) = -j**3 + 62*j**2 + 18*j + 2821. What is a(63)?
-14
Let j(r) = 3091*r + 40203. Calculate j(-13).
20
Let t(r) = -r**2 + 44*r + 57583. What is t(-219)?
-14
Let a(x) = -x**3 - 34*x**2 - 33*x - 446. Give a(-34).
676
Let t(g) = 4*g**3 - 80*g**2 + 58*g + 736. Calculate t(19).
394
Let l(s) = -16813*s + 200544. Calculate l(12).
-1212
Let v(y) = -29522*y + 1121867. What is v(38)?
31
Let f(t) = 3777*t - 290863. Give f(77).
-34
Let d(i) = -i**3 - 183*i**2 - 1285*i - 9322. Determine d(-176).
6
Let n(s) = 38*s**3 - 797*s**2 + 7*s + 19. Calculate n(21).
607
Let h(u) = 7351*u - 140317. What is h(19)?
-648
Let t(g) = 2*g**3 + 